033781 a composite number?
True
Is 8245409 a prime number?
True
Is 28199153 composite?
False
Is 488220007 prime?
False
Is 54132553 prime?
False
Is 48087587 a composite number?
True
Is 26967313 a composite number?
False
Is 82278551 composite?
False
Is 5017117 a composite number?
True
Is 57741267 a prime number?
False
Is 6429509 a prime number?
True
Is 4110657 composite?
True
Is 3357151 prime?
False
Is 46473043 a composite number?
False
Is 14233 a prime number?
False
Is 19216181 a composite number?
False
Is 120643 a composite number?
True
Is 62507533 composite?
True
Is 1821401 composite?
False
Is 19239358 a prime number?
False
Is 29353 composite?
True
Is 1465921 a prime number?
False
Is 43753 a composite number?
False
Is 2701469 composite?
True
Is 16098497 prime?
True
Is 22314623 prime?
False
Is 616675279 a prime number?
False
Is 37007279 composite?
True
Is 5368817 a composite number?
False
Is 13803221 composite?
False
Is 7910743 prime?
False
Is 9466543 composite?
False
Is 328791031 a composite number?
False
Is 8054927 a composite number?
False
Is 29460859 a composite number?
False
Is 2239791 a composite number?
True
Is 45628883 a composite number?
True
Is 456632261 a prime number?
True
Is 1678837 a prime number?
True
Is 81676799 a prime number?
True
Is 4916877545 a composite number?
True
Is 11893729 prime?
True
Is 6930937 a prime number?
False
Is 104324309 a prime number?
True
Is 185307917 prime?
False
Is 160159751 a prime number?
False
Is 240544501 composite?
True
Is 127114277 a composite number?
True
Is 37892377 composite?
False
Is 17606833 a prime number?
False
Is 5733691 prime?
True
Is 1538486329 prime?
True
Is 10681087 a composite number?
True
Is 2914477 a prime number?
True
Is 51702863 composite?
False
Is 14257277 a prime number?
False
Is 12211511 a prime number?
False
Is 40219477 prime?
False
Is 150963539 a composite number?
False
Is 141009719 a prime number?
True
Is 3951797 a composite number?
False
Is 4022323 a composite number?
False
Is 54494243 composite?
True
Is 31477 prime?
True
Is 447016441 prime?
True
Is 115169893 composite?
False
Is 1066777567 prime?
True
Is 3641681 a composite number?
True
Is 1588871 a prime number?
False
Is 14392039 a composite number?
True
Is 587033 composite?
False
Is 7791721 prime?
False
Is 1300669 prime?
True
Is 4428929 composite?
True
Is 233714699 a prime number?
True
Is 430593953 composite?
False
Is 123265273 a prime number?
False
Is 2290177 composite?
False
Is 6006581 a composite number?
True
Is 18635321 prime?
True
Is 23353691 a prime number?
False
Is 468411457 a composite number?
True
Is 41617351 prime?
True
Is 8740379 prime?
False
Is 58204231 a composite number?
True
Is 1105387 a composite number?
False
Is 27998413 a prime number?
False
Is 224562067 composite?
True
Is 62787061 prime?
False
Is 2043381 a composite number?
True
Is 12066841 composite?
True
Is 67991663 a composite number?
True
Is 75475859 a prime number?
True
Is 155876429 prime?
True
Is 1083107 a prime number?
True
Is 111625409 composite?
True
Is 2955427 composite?
False
Is 3861233 a composite number?
False
Is 10187209 a composite number?
False
Is 1140857 prime?
False
Is 65553641 a prime number?
True
Is 136453417 a prime number?
False
Is 1064569 a composite number?
True
Is 498013 prime?
True
Is 1103153 prime?
False
Is 2427577 composite?
True
Is 125042831 composite?
False
Is 679203167 composite?
True
Is 448869877 a composite number?
False
Is 1471955 prime?
False
Is 22458407 composite?
False
Is 29874701 a prime number?
False
Is 12662939 composite?
False
Is 5751787 a prime number?
False
Is 9798029 a composite number?
True
Is 26187121 a prime number?
True
Is 6362851 a composite number?
True
Is 9931111 a composite number?
True
Is 8327359 a composite number?
False
Is 13746739 composite?
False
Is 1216715 a prime number?
False
Is 65002757 prime?
True
Is 198345601 a prime number?
True
Is 3262337 prime?
False
Is 1069681403 a prime number?
False
Is 69051 composite?
True
Is 4229527 prime?
False
Is 901443473 a prime number?
False
Is 29881469 composite?
False
Is 2974289 composite?
False
Is 11815099 a composite number?
True
Is 14111177 a composite number?
False
Is 6566587 prime?
True
Is 4503383 composite?
True
Is 3525961 a prime number?
True
Is 32798777 a prime number?
False
Is 921353 a composite number?
False
Is 95717597 prime?
False
Is 5911601 prime?
False
Is 37627787 a composite number?
False
Is 152861069 a prime number?
True
Is 8489729 composite?
False
Is 859321 composite?
False
Is 9702601 composite?
False
Is 64514231 composite?
True
Is 247920271 composite?
False
Is 13261433 composite?
False
Is 179760337 prime?
True
Is 258586111 composite?
True
Is 1480056373 composite?
False
Is 77774603 a prime number?
False
Is 6307459 a composite number?
True
Is 34533353 a composite number?
True
Is 12959809 composite?
False
Is 4346063 a composite number?
False
Is 136776511 prime?
True
Is 40140761 prime?
True
Is 556231 composite?
True
Is 1851804317 prime?
False
Is 5203111 a composite number?
False
Is 1312907 a composite number?
False
Is 3575959 a composite number?
False
Is 2392463 a prime number?
True
Is 42096391 prime?
True
Is 88254499 a prime number?
True
Is 10352909 a prime number?
False
Is 1236953 composite?
False
Is 35151077 a composite number?
True
Is 63684527 a composite number?
True
Is 1409377 a composite number?
True
Is 367949 prime?
True
Is 1373677 a composite number?
False
Is 7352047 prime?
True
Is 470333 composite?
False
Is 543717697 a composite number?
False
Is 22490063 a composite number?
False
Is 35298437 a composite number?
False
Is 1442986651 a prime number?
True
Is 30263 composite?
True
Is 13502719 prime?
False
Is 75595565 a prime number?
False
Is 2346278269 composite?
False
Is 19810247 a composite number?
False
Is 6954517 prime?
True
Is 14265183 a prime number?
False
Is 6012871 a composite number?
True
Is 20545643 a composite number?
True
Is 2619809 a prime number?
True
Is 12921583 a composite number?
False
Is 5113841 composite?
True
Is 2075531 a prime number?
False
Is 368609 a prime number?
True
Is 892258 a prime number?
False
Is 40078079 prime?
True
Is 2275039 a prime number?
False
Is 15581113 a composite number?
False
Is 47712107 a composite number?
True
Is 1102237 prime?
True
Is 131918233 prime?
True
Is 18499207 a prime number?
True
Is 5491469 composite?
True
Is 5255491 prime?
False
Is 24620191 a composite number?
False
Is 41394489 a prime number?
False
Is 748021 a prime number?
True
Is 5257121 a composite number?
False
Is 43337379 composite?
True
Is 329339662 composite?
True
Is 306847129 a prime number?
True
Is 4808911 a composite number?
False
Is 32132569 a prime number?
False
Is 3387407 composite?
False
Is 2398777 a prime number?
True
Is 262005281 prime?
False
Is 3970193 composite?
True
Is 194542273 a prime number?
False
Is 1649953 a composite number?
True
Is 106930843 composite?
False
Is 111347407 prime?
False
Is 556769819 prime?
False
Is 33996247 a composite number?
True
Is 128176381 composite?
True
Is 75011 a prime number?
True
Is 30418529 a composite number?
False
Is 19937989 composite?
True
Is 10305686 a composite number?
True
Is 4840921 a composite number?
False
Is 115072378 composite?
True
Is 1304459 composite?
True
Is 20555959 prime?
False
Is 662866553 a composite number?
False
Is 42174079 prime?
True
Is 2943519 composite?
True
Is 27441173 composite?
True
Is 24048029 composite?
True
Is 1603573 a prime number?
True
Is 28343989 prime?
True
Is 4166257 a composite number?
False
Is 14158063 a prime number?
True
Is 120548029 prime?
False
Is 1095433 prime?
True
Is 45419579 prime?
False
Is 49444067 composite?
True
Is 14152199 a prime number?
False
Is 13830757 prime?
True
Is 12550249 composite?
True
Is 11977709 prime?
False
Is 304253 a composite number?
False
Is 5428361 a composite number?
True
Is 68321 composite?
True
Is 13965769 composite?
True
Is 1742497 composite?
False
Is 1976639 a prime number?
False
Is 552781729 prime?
True
Is 95985979 a prime number?
False
Is 183540079 composite?
True
Is 92028659 prime?
False
Is 583373 prime?
False
Is 72096209 composite?
False
Is 1759729 a composite number?
False
Is 157703797 a composite number?
False
Is 178281419 a prime number?
True
Is 1845073 prime?
True
Is 35144033 composite?
True
Is 2207295